(w) = -6*w**2 + w + 11. Let d(i) = -5*a(i) + 4*o(i). What is d(c)?
-1
Let n(l) = 101 - 3*l**2 + 7*l**2 + l - 103 + 0*l**2. Calculate n(-3).
31
Let q(l) be the second derivative of -l**3/6 + 2*l**2 - 44*l. Determine q(6).
-2
Let p be 4/16 - 22/(-8). Suppose -3*k = 2*z - 12, 5*k - p - 10 = -z. Let b(j) = 2*j**2 - 2*j - 1. Determine b(k).
3
Let s(p) = -84 + 86 - 3*p + p + 0*p. Suppose -c + 4*b - 6 = -0*b, -4*c + 5*b - 13 = 0. What is s(c)?
6
Let p(c) = -c. Let j = -7 - -3. Let i be (-2)/j - 2/4. Suppose i = v + v + 4*k - 14, k - 20 = 5*v. Determine p(v).
3
Let x(i) = -2 - 2 + 12 + i - 3 - 8. Give x(4).
1
Let u(z) = -213*z**2 - 30*z**3 + 31*z**3 - z - 4 + 215*z**2. What is u(2)?
10
Let f(v) = -1243*v + 1264*v + 2 + 2. Give f(-3).
-59
Suppose -50 = -5*t - 5*u + u, 4*t + 3*u = 39. Let g(v) = -3*v**2 - 15*v + 5. Let k(d) = -d**2 - 7*d + 2. Let j(o) = 2*g(o) - 5*k(o). What is j(t)?
-6
Let l(y) = y + 65. Let b = -1269 - -1269. Give l(b).
65
Let r(q) = q**3 + 1. Let v(t) = -3*t**3 + t - 2. Let u(i) = -2*r(i) - v(i). Let a(y) = 3*y**3 + y**2 - 4*y + 1. Let s(g) = 6*a(g) - 17*u(g). Calculate s(-7).
6
Let w(c) = c - 4*c + 2*c - 5*c**2. Let g(l) = 2*l**3 - 15*l**2 + 6*l + 8. Let p be g(7). Determine w(p).
-6
Let h(m) = -2*m**2 - 4*m + 4. Let o = -420 + 415. What is h(o)?
-26
Let t(d) be the third derivative of d**5/60 + d**4/4 - 5*d**3/6 + 5*d**2. Determine t(-5).
-10
Let o(n) = n**2 + 5*n. Let s = -32 - -62. Suppose 0 = 4*z + 10 - s. Suppose z*m + 7 + 13 = 0. Determine o(m).
-4
Let k be 6/((-2)/(2 - 3)). Suppose u - k*u = -2. Let a(x) be the third derivative of x**5/10 + 24*x**2. What is a(u)?
6
Let m(b) = b**3 + 2*b**2 - 6*b + 6. Let j be m(-4). Let u(i) = 4*i - 1 - 2 + 5. Give u(j).
-6
Let z(w) = -9*w**3 + 3*w**2 + w + 25. Let i(u) = 16*u**3 - 7*u**2 - u - 46. Let v(g) = -4*i(g) - 7*z(g). What is v(7)?
-12
Let t(q) = q**2 - q - 1. Let o(a) = -a**2 + 7*a + 5. Let w(k) = -o(k) - 2*t(k). Let d(x) = -34*x - 1124. Let i be d(-33). Determine w(i).
3
Let u(z) = z**3 + 8*z**2 + 8*z - 3. Let c(a) = -2*a**2 + 42*a - 82. Let x be c(19). Calculate u(x).
21
Let m(l) = 1 - 1 + l. Let h = 39 - 50. Let j(w) = -w - 7. Let r be j(h). Give m(r).
4
Let f = 2 + 0. Let m(d) = -4*d**2 - 4*d - 11. Let u(h) = 2*h - 4. Let w be u(-1). Let l(n) = -2*n**2 - 2*n - 5. Let b(j) = w*m(j) + 13*l(j). Calculate b(f).
-11
Let m(g) = g + 6. Let v(r) = 2*r + 13. Let y(i) = -5*m(i) + 3*v(i). Let q(a) = 3*a - 21. Let f be q(7). Let z be (f - 1)/(1/7). Calculate y(z).
2
Let f(o) = 4*o - 2*o - o. Let g = -1122 + 1128. What is f(g)?
6
Let o(b) = 5*b + 0 - 3 - 3*b + 3*b - 4. Give o(6).
23
Let r(b) be the first derivative of b**5/60 + 5*b**4/24 + b**3/6 - 9*b**2/2 - 12. Let m(u) be the second derivative of r(u). What is m(-6)?
7
Let c = -91 - -82. Let p(b) = b + 6. What is p(c)?
-3
Let a(t) = 4*t - 7. Let o(h) = -4*h + 9. Let q(r) = 2*r + 2. Let b be q(-3). Let j(m) = b*o(m) - 5*a(m). What is j(-3)?
11
Suppose -o = -335 + 328. Let q(g) = g**3 - 7*g**2 - g + 3. Give q(o).
-4
Let r = -16 + 15. Let q be (-2)/(2/(-4)*r). Let j(y) = 2*y - 3. Let a(w) = 3*w - 3. Let h(u) = q*j(u) + 3*a(u). Determine h(-5).
-2
Let o(h) = -3*h**2 - h + 2. Suppose -2*l - 18*w = -17*w - 4, 3*w - 7 = -l. Give o(l).
-2
Let n(q) = -q**2 - 22*q - 89. Let b be n(-17). Let w(g) = -g**3 - 4*g**2 - 3*g - 4. Give w(b).
8
Let q(y) = y**2 + 6*y + 2. Let j be q(-6). Let k(h) = -28*h - 3 + 27*h - h**3 - 4*h**j - 2*h**2. Let m = 2 + -8. Determine k(m).
3
Let k(p) = -6*p**2 + 299*p**3 - 589*p**3 + 291*p**3 + 4*p. Calculate k(5).
-5
Let q be (-798)/(-126) - 2/(-3). Let k(b) = -2 - 4*b**3 + 6*b**2 + 7*b + b**3 + 2*b**3. Determine k(q).
-2
Let w(n) = 30*n - 1. Let z(v) = 29*v - 1. Let c(o) = -4*w(o) + 5*z(o). Suppose 0 = -4*r + 60 - 64, -5*r = -f + 6. What is c(f)?
24
Suppose 5*x = 5*n - 5, 3*n + 3*x + 2 - 17 = 0. Suppose n*y - 4*s = -8 - 7, -s = -5*y - 25. Let w be (-14)/y - 1/(-5). Let b(f) = f**2 - 2*f + 1. What is b(w)?
4
Let p(x) be the second derivative of x**4/4 - 336*x. Suppose -3*m = -2*m - 2*i + 7, 15 = 3*m + 3*i. What is p(m)?
3
Let w be 1 + 1 - (-1 + 1). Suppose -5 = -w*q - 1. Let m(y) = -q + 6 + 3*y + 0*y + 0. Calculate m(-4).
-8
Let o(q) = -q**2 + 8*q - 4. Suppose -25*k = -21*k - 32. Calculate o(k).
-4
Suppose -2*c + 3*f = f + 2, 3*c = 2*f + 1. Let i(n) = n - n - 1 + 3*n. Calculate i(c).
8
Let p(u) be the first derivative of u**6/120 + u**5/12 - u**4/24 - u**3 - u**2 - 2. Let y(z) be the second derivative of p(z). Calculate y(-5).
-1
Let j(c) = -584*c + 6*c**2 - c**3 - 3 + 588*c - 6. What is j(6)?
15
Let b(r) = r**3 + 3*r**2 + 4*r + 2. Let w = 28 + -31. What is b(w)?
-10
Suppose 1 - 5 = -2*q. Let g = -7 + q. Let t(m) = -m**3 - 4*m**2 + 3*m - 2. Calculate t(g).
8
Suppose 13*j - 35*j = -44. Let i(a) = -10*a**2 + 5*a - 5. Calculate i(j).
-35
Let y be 5*(-7)/5*1. Let t(x) = x**3 + 8*x**2 + 7*x + 7. Give t(y).
7
Let h(k) = -k**3 + 3*k**2 + 5*k - 1. Let a(g) = 5*g - 1. Let t be a(0). Let i be 8/(t/((-6)/12)). Give h(i).
3
Let r(s) = -2*s - 4. Let g(u) = -14*u + 17. Let d(w) = g(w) - 3*r(w). Calculate d(5).
-11
Let w(a) = -2*a**3 - 4*a**2 - 2*a. Let x be w(-2). Let r(k) = -6 + k + x + 2. What is r(0)?
0
Let p(f) = -4*f - 7. Suppose 2*s - u = 8, -3*s - 5*u + 33 + 5 = 0. Suppose 1 = k + s. What is p(k)?
13
Let a(m) = -m - 1. Let l be a(4). Let x(k) = -11*k + 17. Let n(c) = 18*c - 26. Let g(v) = -5*n(v) - 8*x(v). Calculate g(l).
4
Suppose 4*z - 2*a = 28, -z + 14 + 3 = -3*a. Suppose -2*g = 3*g + z. Let v(l) = -3*l. Give v(g).
3
Let w(r) = r + 22. Let q be -1*(-1 + -3 + 3). Let z be q/3 - 2/6. Give w(z).
22
Let m(w) = -2*w + 19. Let i be 3/(-6)*-2 - 20/(-4). Calculate m(i).
7
Let i(y) = -y**3 + 7*y**2 - 4*y. Suppose -35*l - 20 = -39*l. Calculate i(l).
30
Let t(q) be the third derivative of -q**5/30 - q**4/8 - 7*q**3/6 - q**2. Let x(i) be the first derivative of t(i). Suppose -12 = 2*a + 2*a. Calculate x(a).
9
Let s be ((-2)/(-2))/((-1)/(-4)). Suppose 0*f + s*l - 29 = -3*f, -27 = -4*f - 3*l. Suppose 0 = j + 5*m + 1, -j + 1 = f*m. Let n(p) = 2*p - 6. Determine n(j).
2
Let z(j) be the second derivative of -1/2*j**2 + 0 - 11*j + 1/2*j**3. What is z(-4)?
-13
Let a be (-6)/4*(-10)/(-15). Let g(d) = -25*d - 2. Let u(p) = -13*p - 1. Let l(y) = 6*g(y) - 11*u(y). Determine l(a).
6
Let w(u) = u**2 + u - 4. Let f(j) = -12*j + 2*j**2 - 2 + 5 + 1 + 3. Let p be f(5). Determine w(p).
2
Let s(f) = -6*f + 29. Let k(r) = -2*r**3 - 2*r**2 + r. Let z be k(-2). Let l be s(z). Let y(u) = -u**3 - 6*u**2 + 9*u - 8. What is y(l)?
-22
Let l(v) be the second derivative of v**3/6 - v**2/2 - v - 2. Suppose 5*c - 95 = -0*c. Let y = 13 - c. Give l(y).
-7
Let m be (-1 - -2)/((-48)/720). Let q(o) = o**2 + 12*o - 39. Determine q(m).
6
Let a be 1/((-2)/(-4))*1. Let o(x) = -3 + 0*x - 4*x + a. Let d be 52/39 + ((-120)/(-9))/(-4). What is o(d)?
7
Let c be (12/(-15))/4*-15. Suppose -7*t + 3*t - 3 = c*w, -w = 4*t + 1. Let b(o) = -o + 6. Determine b(t).
6
Let m(x) be the third derivative of x**5/60 + 7*x**3/6 + 301*x**2. What is m(6)?
43
Let r(h) be the first derivative of h**2 - 12*h + 27. What is r(9)?
6
Let y(l) = -3*l - 3. Let j = -366 + 363. Calculate y(j).
6
Suppose 13 = 5*i + 3. Suppose i*t - 9 = -t. Let f(m) = -m**3 + m**2 + 2*m + 4. Give f(t).
-8
Suppose 12 = 2*u + u - 3*q, 5*u = 2*q + 20. Suppose u*x = 14 + 6. Let w(d) = 2*d**2 + 4*d + 1 - d - 3*d**2. Determine w(x).
-9
Suppose -5*y = 14 + 16. Let z(c) = c**3 + 5*c**2 - 8*c - 5. Give z(y).
7
Let l(s) be the third derivative of -1/15*s**5 + 7*s**2 - 1/12*s**4 + 0 + 2/3*s**3 - 1/120*s**6 + 0*s. Calculate l(-4).
12
Let v(l) be the third derivative of 0*l + 4*l**2 - 1/6*l**3 - 13/24*l**4 + 0. Calculate v(-1).
12
Let i = 6 + 1. Suppose 0 = 2*x - 2*v + 8, v - 6 = 4*x + i. Let r(m) = -m**2 - 10*m - 4. Let d(c) = -c**2 - 11*c - 4. Let k(j) = 2*d(j) - 3*r(j). What is k(x)?
-11
Let q(h) = h - 7. Suppose -2*r + 5*u - 55 = -7*r, 3*r - 29 = -5*u. Let w(a) = -3*a**2 + 3*a**2 - a**2 + 12*a + 19. Let x be w(r). Determine q(x).
-1
Let p(h) = 18*h - 18 + 47*h - 64*h. Calculate p(16).
-2
Let g be ((-28)/6)/7 + (-40)/(-6). Suppose 32 = g*c - 2*c. Let j(q) = -q**2 + 10*q - 9. Give j(c).
7
Let x(a) = a**3 - a**2 - 2*a - 6. Suppose -3*m = -14*m + 3*m. Determine x(m).
-6
Let l(b) be the first derivative of -b**3/3 + b**2/2 + 3*b - 653. What